← Back
Editing: access_log
144.76.32.117 - - [26/Sep/2026:10:22:05 +0900] "GET /dp/3837063349481?lph=/var/www/vhosts/w825.jpnsv.net/a-teaminc.jp/jp HTTP/1.0" 200 89842 "-" "Mozilla/5.0 (compatible; SERankingBacklinksBot/1.0; +https://seranking.com/backlinks-crawler)"
144.76.32.117 - - [26/Sep/2026:10:22:10 +0900] "GET /dp/7ad0203103905?lph=/var/www/vhosts/w825.jpnsv.net/a-teaminc.jp/jp HTTP/1.0" 200 89842 "-" "Mozilla/5.0 (compatible; SERankingBacklinksBot/1.0; +https://seranking.com/backlinks-crawler)"
144.76.32.117 - - [26/Sep/2026:10:22:41 +0900] "GET /dp/536e932859148?lph=/var/www/vhosts/w825.jpnsv.net/a-teaminc.jp/jp HTTP/1.0" 200 89842 "-" "Mozilla/5.0 (compatible; SERankingBacklinksBot/1.0; +https://seranking.com/backlinks-crawler)"
144.76.32.117 - - [26/Sep/2026:10:22:45 +0900] "GET /dp/a345642018539?lph=/var/www/vhosts/w825.jpnsv.net/a-teaminc.jp/jp HTTP/1.0" 200 89842 "-" "Mozilla/5.0 (compatible; SERankingBacklinksBot/1.0; +https://seranking.com/backlinks-crawler)"
144.76.32.117 - - [26/Sep/2026:10:23:06 +0900] "GET /dp/a3725e274634?lph=/var/www/vhosts/w825.jpnsv.net/a-teaminc.jp/CSS HTTP/1.0" 200 101464 "-" "Mozilla/5.0 (compatible; SERankingBacklinksBot/1.0; +https://seranking.com/backlinks-crawler)"
144.76.32.117 - - [26/Sep/2026:10:23:16 +0900] "GET /dp/7b650d4170317?lph=/var/www/vhosts/w825.jpnsv.net/a-teaminc.jp/jp HTTP/1.0" 200 89842 "-" "Mozilla/5.0 (compatible; SERankingBacklinksBot/1.0; +https://seranking.com/backlinks-crawler)"
144.76.32.117 - - [26/Sep/2026:10:23:21 +0900] "GET /dp/d06d57701162?lph=/var/www/vhosts/w825.jpnsv.net/a-teaminc.jp/CSS HTTP/1.0" 200 101464 "-" "Mozilla/5.0 (compatible; SERankingBacklinksBot/1.0; +https://seranking.com/backlinks-crawler)"
144.76.32.117 - - [26/Sep/2026:10:23:25 +0900] "GET /dp/5395c95898407?lph=/var/www/vhosts/w825.jpnsv.net/a-teaminc.jp/jp HTTP/1.0" 200 89842 "-" "Mozilla/5.0 (compatible; SERankingBacklinksBot/1.0; +https://seranking.com/backlinks-crawler)"
144.76.32.117 - - [26/Sep/2026:10:23:29 +0900] "GET /dp/a3725e274634?lph=/var/www/vhosts/w825.jpnsv.net/a-teaminc.jp/cgi HTTP/1.0" 200 104914 "-" "Mozilla/5.0 (compatible; SERankingBacklinksBot/1.0; +https://seranking.com/backlinks-crawler)"
144.76.32.117 - - [26/Sep/2026:10:23:42 +0900] "GET /dp/d06d57701162?lph=/var/www/vhosts/w825.jpnsv.net/a-teaminc.jp/cgi HTTP/1.0" 200 104914 "-" "Mozilla/5.0 (compatible; SERankingBacklinksBot/1.0; +https://seranking.com/backlinks-crawler)"
144.76.32.117 - - [26/Sep/2026:10:23:51 +0900] "GET /dp/a3725e274634?lph=/var/www/vhosts/w825.jpnsv.net/a-teaminc.jp/img HTTP/1.0" 200 105698 "-" "Mozilla/5.0 (compatible; SERankingBacklinksBot/1.0; +https://seranking.com/backlinks-crawler)"
144.76.32.117 - - [26/Sep/2026:10:24:05 +0900] "GET /dp/d06d57701162?lph=/var/www/vhosts/w825.jpnsv.net/a-teaminc.jp/img HTTP/1.0" 200 105698 "-" "Mozilla/5.0 (compatible; SERankingBacklinksBot/1.0; +https://seranking.com/backlinks-crawler)"
144.76.32.117 - - [26/Sep/2026:10:24:14 +0900] "GET /dp/a3725e274634?lph=/var/www/vhosts/w825.jpnsv.net/a-teaminc.jp/pdf HTTP/1.0" 200 91159 "-" "Mozilla/5.0 (compatible; SERankingBacklinksBot/1.0; +https://seranking.com/backlinks-crawler)"
144.76.32.117 - - [26/Sep/2026:10:24:28 +0900] "GET /dp/d06d57701162?lph=/var/www/vhosts/w825.jpnsv.net/a-teaminc.jp/pdf HTTP/1.0" 200 91159 "-" "Mozilla/5.0 (compatible; SERankingBacklinksBot/1.0; +https://seranking.com/backlinks-crawler)"
144.76.32.117 - - [26/Sep/2026:10:24:40 +0900] "GET /dp/a3725e274634?lph=/var/www/vhosts/w825.jpnsv.net/a-teaminc.jp/tmp HTTP/1.0" 200 91318 "-" "Mozilla/5.0 (compatible; SERankingBacklinksBot/1.0; +https://seranking.com/backlinks-crawler)"
144.76.32.117 - - [26/Sep/2026:10:24:44 +0900] "GET /dp/3865014540248?lph=/var/www/vhosts/w825.jpnsv.net/a-teaminc.jp/jp HTTP/1.0" 200 89842 "-" "Mozilla/5.0 (compatible; SERankingBacklinksBot/1.0; +https://seranking.com/backlinks-crawler)"
144.76.32.117 - - [26/Sep/2026:10:24:47 +0900] "GET /dp/7beb665560310?lph=/var/www/vhosts/w825.jpnsv.net/a-teaminc.jp/jp HTTP/1.0" 200 89842 "-" "Mozilla/5.0 (compatible; SERankingBacklinksBot/1.0; +https://seranking.com/backlinks-crawler)"
144.76.32.117 - - [26/Sep/2026:10:24:51 +0900] "GET /dp/d06d57701162?lph=/var/www/vhosts/w825.jpnsv.net/a-teaminc.jp/tmp HTTP/1.0" 200 91318 "-" "Mozilla/5.0 (compatible; SERankingBacklinksBot/1.0; +https://seranking.com/backlinks-crawler)"
144.76.32.117 - - [26/Sep/2026:10:24:55 +0900] "GET /dp/53d61c465296?lph=/var/www/vhosts/w825.jpnsv.net/a-teaminc.jp/CSS HTTP/1.0" 200 101464 "-" "Mozilla/5.0 (compatible; SERankingBacklinksBot/1.0; +https://seranking.com/backlinks-crawler)"
144.76.32.117 - - [26/Sep/2026:10:25:05 +0900] "GET /dp/387dab4297441?lph=/var/www/vhosts/w825.jpnsv.net/a-teaminc.jp/jp HTTP/1.0" 200 89842 "-" "Mozilla/5.0 (compatible; SERankingBacklinksBot/1.0; +https://seranking.com/backlinks-crawler)"
144.76.32.117 - - [26/Sep/2026:10:25:14 +0900] "GET /dp/d079c55593777?lph=/var/www/vhosts/w825.jpnsv.net/a-teaminc.jp/jp HTTP/1.0" 200 89842 "-" "Mozilla/5.0 (compatible; SERankingBacklinksBot/1.0; +https://seranking.com/backlinks-crawler)"
144.76.32.117 - - [26/Sep/2026:10:25:19 +0900] "GET /dp/53d61c465296?lph=/var/www/vhosts/w825.jpnsv.net/a-teaminc.jp/cgi HTTP/1.0" 200 104914 "-" "Mozilla/5.0 (compatible; SERankingBacklinksBot/1.0; +https://seranking.com/backlinks-crawler)"
144.76.32.117 - - [26/Sep/2026:10:25:23 +0900] "GET /dp/a443604342598?lph=/var/www/vhosts/w825.jpnsv.net/a-teaminc.jp/jp HTTP/1.0" 200 89842 "-" "Mozilla/5.0 (compatible; SERankingBacklinksBot/1.0; +https://seranking.com/backlinks-crawler)"
144.76.32.117 - - [26/Sep/2026:10:25:27 +0900] "GET /dp/389c896467692?lph=/var/www/vhosts/w825.jpnsv.net/a-teaminc.jp/jp HTTP/1.0" 200 89842 "-" "Mozilla/5.0 (compatible; SERankingBacklinksBot/1.0; +https://seranking.com/backlinks-crawler)"
144.76.32.117 - - [26/Sep/2026:10:25:31 +0900] "GET /dp/7c15121504231?lph=/var/www/vhosts/w825.jpnsv.net/a-teaminc.jp/jp HTTP/1.0" 200 89842 "-" "Mozilla/5.0 (compatible; SERankingBacklinksBot/1.0; +https://seranking.com/backlinks-crawler)"
144.76.32.117 - - [26/Sep/2026:10:25:41 +0900] "GET /dp/53d61c465296?lph=/var/www/vhosts/w825.jpnsv.net/a-teaminc.jp/img HTTP/1.0" 200 105698 "-" "Mozilla/5.0 (compatible; SERankingBacklinksBot/1.0; +https://seranking.com/backlinks-crawler)"
144.76.32.117 - - [26/Sep/2026:10:25:44 +0900] "GET /dp/a44ab31647733?lph=/var/www/vhosts/w825.jpnsv.net/a-teaminc.jp/jp HTTP/1.0" 200 89842 "-" "Mozilla/5.0 (compatible; SERankingBacklinksBot/1.0; +https://seranking.com/backlinks-crawler)"
144.76.32.117 - - [26/Sep/2026:10:25:59 +0900] "GET /dp/d0c9221751085?lph=/var/www/vhosts/w825.jpnsv.net/a-teaminc.jp/jp HTTP/1.0" 200 89842 "-" "Mozilla/5.0 (compatible; SERankingBacklinksBot/1.0; +https://seranking.com/backlinks-crawler)"
144.76.32.117 - - [26/Sep/2026:10:26:04 +0900] "GET /dp/53d61c465296?lph=/var/www/vhosts/w825.jpnsv.net/a-teaminc.jp/pdf HTTP/1.0" 200 91159 "-" "Mozilla/5.0 (compatible; SERankingBacklinksBot/1.0; +https://seranking.com/backlinks-crawler)"
144.76.32.117 - - [26/Sep/2026:10:26:13 +0900] "GET /dp/38d168786487?lph=/var/www/vhosts/w825.jpnsv.net/a-teaminc.jp/CSS HTTP/1.0" 200 101464 "-" "Mozilla/5.0 (compatible; SERankingBacklinksBot/1.0; +https://seranking.com/backlinks-crawler)"
144.76.32.117 - - [26/Sep/2026:10:26:22 +0900] "GET /dp/53d61c465296?lph=/var/www/vhosts/w825.jpnsv.net/a-teaminc.jp/tmp HTTP/1.0" 200 91318 "-" "Mozilla/5.0 (compatible; SERankingBacklinksBot/1.0; +https://seranking.com/backlinks-crawler)"
144.76.32.117 - - [26/Sep/2026:10:26:31 +0900] "GET /dp/38d168786487?lph=/var/www/vhosts/w825.jpnsv.net/a-teaminc.jp/cgi HTTP/1.0" 200 104914 "-" "Mozilla/5.0 (compatible; SERankingBacklinksBot/1.0; +https://seranking.com/backlinks-crawler)"
144.76.32.117 - - [26/Sep/2026:10:26:40 +0900] "GET /dp/53d879686650?lph=/var/www/vhosts/w825.jpnsv.net/a-teaminc.jp/CSS HTTP/1.0" 200 101464 "-" "Mozilla/5.0 (compatible; SERankingBacklinksBot/1.0; +https://seranking.com/backlinks-crawler)"
144.76.32.117 - - [26/Sep/2026:10:26:49 +0900] "GET /dp/38d168786487?lph=/var/www/vhosts/w825.jpnsv.net/a-teaminc.jp/img HTTP/1.0" 200 105698 "-" "Mozilla/5.0 (compatible; SERankingBacklinksBot/1.0; +https://seranking.com/backlinks-crawler)"
144.76.32.117 - - [26/Sep/2026:10:26:59 +0900] "GET /dp/53d879686650?lph=/var/www/vhosts/w825.jpnsv.net/a-teaminc.jp/cgi HTTP/1.0" 200 104914 "-" "Mozilla/5.0 (compatible; SERankingBacklinksBot/1.0; +https://seranking.com/backlinks-crawler)"
144.76.32.117 - - [26/Sep/2026:10:27:08 +0900] "GET /dp/38d168786487?lph=/var/www/vhosts/w825.jpnsv.net/a-teaminc.jp/pdf HTTP/1.0" 200 91159 "-" "Mozilla/5.0 (compatible; SERankingBacklinksBot/1.0; +https://seranking.com/backlinks-crawler)"
144.76.32.117 - - [26/Sep/2026:10:27:17 +0900] "GET /dp/53d879686650?lph=/var/www/vhosts/w825.jpnsv.net/a-teaminc.jp/img HTTP/1.0" 200 105698 "-" "Mozilla/5.0 (compatible; SERankingBacklinksBot/1.0; +https://seranking.com/backlinks-crawler)"
144.76.32.117 - - [26/Sep/2026:10:27:26 +0900] "GET /dp/38d168786487?lph=/var/www/vhosts/w825.jpnsv.net/a-teaminc.jp/tmp HTTP/1.0" 200 91318 "-" "Mozilla/5.0 (compatible; SERankingBacklinksBot/1.0; +https://seranking.com/backlinks-crawler)"
144.76.32.117 - - [26/Sep/2026:10:27:35 +0900] "GET /dp/53d879686650?lph=/var/www/vhosts/w825.jpnsv.net/a-teaminc.jp/pdf HTTP/1.0" 200 91159 "-" "Mozilla/5.0 (compatible; SERankingBacklinksBot/1.0; +https://seranking.com/backlinks-crawler)"
144.76.32.117 - - [26/Sep/2026:10:27:45 +0900] "GET /dp/38d4c21063981?lph=/var/www/vhosts/w825.jpnsv.net/a-teaminc.jp/jp HTTP/1.0" 200 89842 "-" "Mozilla/5.0 (compatible; SERankingBacklinksBot/1.0; +https://seranking.com/backlinks-crawler)"
144.76.32.117 - - [26/Sep/2026:10:27:54 +0900] "GET /dp/53d879686650?lph=/var/www/vhosts/w825.jpnsv.net/a-teaminc.jp/tmp HTTP/1.0" 200 91318 "-" "Mozilla/5.0 (compatible; SERankingBacklinksBot/1.0; +https://seranking.com/backlinks-crawler)"
144.76.32.117 - - [26/Sep/2026:10:28:08 +0900] "GET /dp/d160c16199947?lph=/var/www/vhosts/w825.jpnsv.net/a-teaminc.jp/jp HTTP/1.0" 200 89842 "-" "Mozilla/5.0 (compatible; SERankingBacklinksBot/1.0; +https://seranking.com/backlinks-crawler)"
144.76.32.117 - - [26/Sep/2026:10:28:12 +0900] "GET /dp/53f2721737693?lph=/var/www/vhosts/w825.jpnsv.net/a-teaminc.jp/jp HTTP/1.0" 200 89842 "-" "Mozilla/5.0 (compatible; SERankingBacklinksBot/1.0; +https://seranking.com/backlinks-crawler)"
144.76.32.117 - - [26/Sep/2026:10:28:37 +0900] "GET /dp/39093d4078646?lph=/var/www/vhosts/w825.jpnsv.net/a-teaminc.jp/jp HTTP/1.0" 200 89842 "-" "Mozilla/5.0 (compatible; SERankingBacklinksBot/1.0; +https://seranking.com/backlinks-crawler)"
144.76.32.117 - - [26/Sep/2026:10:28:47 +0900] "GET /dp/9537611179376?lph=/var/www/vhosts/w825.jpnsv.net/a-teaminc.jp/jp HTTP/1.0" 200 89842 "-" "Mozilla/5.0 (compatible; SERankingBacklinksBot/1.0; +https://seranking.com/backlinks-crawler)"
144.76.32.117 - - [26/Sep/2026:10:28:56 +0900] "GET /dp/3916125191815?lph=/var/www/vhosts/w825.jpnsv.net/a-teaminc.jp/jp HTTP/1.0" 200 89842 "-" "Mozilla/5.0 (compatible; SERankingBacklinksBot/1.0; +https://seranking.com/backlinks-crawler)"
144.76.32.117 - - [26/Sep/2026:10:29:05 +0900] "GET /dp/9539575802059?lph=/var/www/vhosts/w825.jpnsv.net/a-teaminc.jp/jp HTTP/1.0" 200 89842 "-" "Mozilla/5.0 (compatible; SERankingBacklinksBot/1.0; +https://seranking.com/backlinks-crawler)"
144.76.32.117 - - [26/Sep/2026:10:29:10 +0900] "GET /dp/a51001146927?lph=/var/www/vhosts/w825.jpnsv.net/a-teaminc.jp/CSS HTTP/1.0" 200 101464 "-" "Mozilla/5.0 (compatible; SERankingBacklinksBot/1.0; +https://seranking.com/backlinks-crawler)"
144.76.32.117 - - [26/Sep/2026:10:29:29 +0900] "GET /dp/a51001146927?lph=/var/www/vhosts/w825.jpnsv.net/a-teaminc.jp/cgi HTTP/1.0" 200 104914 "-" "Mozilla/5.0 (compatible; SERankingBacklinksBot/1.0; +https://seranking.com/backlinks-crawler)"
144.76.32.117 - - [26/Sep/2026:10:29:47 +0900] "GET /dp/a51001146927?lph=/var/www/vhosts/w825.jpnsv.net/a-teaminc.jp/img HTTP/1.0" 200 105698 "-" "Mozilla/5.0 (compatible; SERankingBacklinksBot/1.0; +https://seranking.com/backlinks-crawler)"
144.76.32.117 - - [26/Sep/2026:10:29:51 +0900] "GET /dp/395f154414656?lph=/var/www/vhosts/w825.jpnsv.net/a-teaminc.jp/jp HTTP/1.0" 200 89842 "-" "Mozilla/5.0 (compatible; SERankingBacklinksBot/1.0; +https://seranking.com/backlinks-crawler)"
144.76.32.117 - - [26/Sep/2026:10:30:05 +0900] "GET /dp/a51001146927?lph=/var/www/vhosts/w825.jpnsv.net/a-teaminc.jp/pdf HTTP/1.0" 200 91159 "-" "Mozilla/5.0 (compatible; SERankingBacklinksBot/1.0; +https://seranking.com/backlinks-crawler)"
144.76.32.117 - - [26/Sep/2026:10:30:13 +0900] "GET /dp/d176a31797757?lph=/var/www/vhosts/w825.jpnsv.net/a-teaminc.jp/jp HTTP/1.0" 200 89842 "-" "Mozilla/5.0 (compatible; SERankingBacklinksBot/1.0; +https://seranking.com/backlinks-crawler)"
144.76.32.117 - - [26/Sep/2026:10:30:25 +0900] "GET /dp/a51001146927?lph=/var/www/vhosts/w825.jpnsv.net/a-teaminc.jp/tmp HTTP/1.0" 200 91318 "-" "Mozilla/5.0 (compatible; SERankingBacklinksBot/1.0; +https://seranking.com/backlinks-crawler)"
144.76.32.117 - - [26/Sep/2026:10:30:34 +0900] "GET /dp/d193704196719?lph=/var/www/vhosts/w825.jpnsv.net/a-teaminc.jp/jp HTTP/1.0" 200 89842 "-" "Mozilla/5.0 (compatible; SERankingBacklinksBot/1.0; +https://seranking.com/backlinks-crawler)"
144.76.32.117 - - [26/Sep/2026:10:30:43 +0900] "GET /dp/a5214e4074998?lph=/var/www/vhosts/w825.jpnsv.net/a-teaminc.jp/jp HTTP/1.0" 200 89842 "-" "Mozilla/5.0 (compatible; SERankingBacklinksBot/1.0; +https://seranking.com/backlinks-crawler)"
144.76.32.117 - - [26/Sep/2026:10:30:48 +0900] "GET /dp/163c715834848?lph=/var/www/vhosts/w825.jpnsv.net/a-teaminc.jp/jp HTTP/1.0" 200 89842 "-" "Mozilla/5.0 (compatible; SERankingBacklinksBot/1.0; +https://seranking.com/backlinks-crawler)"
144.76.32.117 - - [26/Sep/2026:10:30:57 +0900] "GET /dp/9575f65676236?lph=/var/www/vhosts/w825.jpnsv.net/a-teaminc.jp/jp HTTP/1.0" 200 89842 "-" "Mozilla/5.0 (compatible; SERankingBacklinksBot/1.0; +https://seranking.com/backlinks-crawler)"
144.76.32.117 - - [26/Sep/2026:10:31:07 +0900] "GET /dp/164066273508?lph=/var/www/vhosts/w825.jpnsv.net/a-teaminc.jp/CSS HTTP/1.0" 200 101464 "-" "Mozilla/5.0 (compatible; SERankingBacklinksBot/1.0; +https://seranking.com/backlinks-crawler)"
144.76.32.117 - - [26/Sep/2026:10:31:16 +0900] "GET /dp/957a841985945?lph=/var/www/vhosts/w825.jpnsv.net/a-teaminc.jp/jp HTTP/1.0" 200 89842 "-" "Mozilla/5.0 (compatible; SERankingBacklinksBot/1.0; +https://seranking.com/backlinks-crawler)"
144.76.32.117 - - [26/Sep/2026:10:31:25 +0900] "GET /dp/164066273508?lph=/var/www/vhosts/w825.jpnsv.net/a-teaminc.jp/cgi HTTP/1.0" 200 104914 "-" "Mozilla/5.0 (compatible; SERankingBacklinksBot/1.0; +https://seranking.com/backlinks-crawler)"
144.76.32.117 - - [26/Sep/2026:10:31:34 +0900] "GET /dp/9584253429343?lph=/var/www/vhosts/w825.jpnsv.net/a-teaminc.jp/jp HTTP/1.0" 200 89842 "-" "Mozilla/5.0 (compatible; SERankingBacklinksBot/1.0; +https://seranking.com/backlinks-crawler)"
144.76.32.117 - - [26/Sep/2026:10:31:39 +0900] "GET /dp/a571362742786?lph=/var/www/vhosts/w825.jpnsv.net/a-teaminc.jp/jp HTTP/1.0" 200 89842 "-" "Mozilla/5.0 (compatible; SERankingBacklinksBot/1.0; +https://seranking.com/backlinks-crawler)"
144.76.32.117 - - [26/Sep/2026:10:31:43 +0900] "GET /dp/164066273508?lph=/var/www/vhosts/w825.jpnsv.net/a-teaminc.jp/img HTTP/1.0" 200 105698 "-" "Mozilla/5.0 (compatible; SERankingBacklinksBot/1.0; +https://seranking.com/backlinks-crawler)"
144.76.32.117 - - [26/Sep/2026:10:31:47 +0900] "GET /dp/d2e4345350808?lph=/var/www/vhosts/w825.jpnsv.net/a-teaminc.jp/jp HTTP/1.0" 200 89842 "-" "Mozilla/5.0 (compatible; SERankingBacklinksBot/1.0; +https://seranking.com/backlinks-crawler)"
144.76.32.117 - - [26/Sep/2026:10:31:51 +0900] "GET /dp/95dc715806499?lph=/var/www/vhosts/w825.jpnsv.net/a-teaminc.jp/jp HTTP/1.0" 200 89842 "-" "Mozilla/5.0 (compatible; SERankingBacklinksBot/1.0; +https://seranking.com/backlinks-crawler)"
144.76.32.117 - - [26/Sep/2026:10:31:55 +0900] "GET /dp/a577192169627?lph=/var/www/vhosts/w825.jpnsv.net/a-teaminc.jp/jp HTTP/1.0" 200 89842 "-" "Mozilla/5.0 (compatible; SERankingBacklinksBot/1.0; +https://seranking.com/backlinks-crawler)"
144.76.32.117 - - [26/Sep/2026:10:32:00 +0900] "GET /dp/164066273508?lph=/var/www/vhosts/w825.jpnsv.net/a-teaminc.jp/pdf HTTP/1.0" 200 91159 "-" "Mozilla/5.0 (compatible; SERankingBacklinksBot/1.0; +https://seranking.com/backlinks-crawler)"
144.76.32.117 - - [26/Sep/2026:10:32:13 +0900] "GET /dp/a593683169712?lph=/var/www/vhosts/w825.jpnsv.net/a-teaminc.jp/jp HTTP/1.0" 200 89842 "-" "Mozilla/5.0 (compatible; SERankingBacklinksBot/1.0; +https://seranking.com/backlinks-crawler)"
144.76.32.117 - - [26/Sep/2026:10:32:17 +0900] "GET /dp/164066273508?lph=/var/www/vhosts/w825.jpnsv.net/a-teaminc.jp/tmp HTTP/1.0" 200 91318 "-" "Mozilla/5.0 (compatible; SERankingBacklinksBot/1.0; +https://seranking.com/backlinks-crawler)"
144.76.32.117 - - [26/Sep/2026:10:32:31 +0900] "GET /dp/a595533234020?lph=/var/www/vhosts/w825.jpnsv.net/a-teaminc.jp/jp HTTP/1.0" 200 89842 "-" "Mozilla/5.0 (compatible; SERankingBacklinksBot/1.0; +https://seranking.com/backlinks-crawler)"
144.76.32.117 - - [26/Sep/2026:10:32:40 +0900] "GET /dp/d36c413557745?lph=/var/www/vhosts/w825.jpnsv.net/a-teaminc.jp/jp HTTP/1.0" 200 89842 "-" "Mozilla/5.0 (compatible; SERankingBacklinksBot/1.0; +https://seranking.com/backlinks-crawler)"
144.76.32.117 - - [26/Sep/2026:10:32:59 +0900] "GET /dp/d382114857993?lph=/var/www/vhosts/w825.jpnsv.net/a-teaminc.jp/jp HTTP/1.0" 200 89842 "-" "Mozilla/5.0 (compatible; SERankingBacklinksBot/1.0; +https://seranking.com/backlinks-crawler)"
144.76.32.117 - - [26/Sep/2026:10:33:22 +0900] "GET /dp/9637a03899693?lph=/var/www/vhosts/w825.jpnsv.net/a-teaminc.jp/jp HTTP/1.0" 200 89842 "-" "Mozilla/5.0 (compatible; SERankingBacklinksBot/1.0; +https://seranking.com/backlinks-crawler)"
144.76.32.117 - - [26/Sep/2026:10:33:39 +0900] "GET /dp/9642665430200?lph=/var/www/vhosts/w825.jpnsv.net/a-teaminc.jp/jp HTTP/1.0" 200 89842 "-" "Mozilla/5.0 (compatible; SERankingBacklinksBot/1.0; +https://seranking.com/backlinks-crawler)"
144.76.32.117 - - [26/Sep/2026:10:33:58 +0900] "GET /dp/9652e52472221?lph=/var/www/vhosts/w825.jpnsv.net/a-teaminc.jp/jp HTTP/1.0" 200 89842 "-" "Mozilla/5.0 (compatible; SERankingBacklinksBot/1.0; +https://seranking.com/backlinks-crawler)"
144.76.32.117 - - [26/Sep/2026:10:34:07 +0900] "GET /dp/168823258439?lph=/var/www/vhosts/w825.jpnsv.net/a-teaminc.jp/CSS HTTP/1.0" 200 101464 "-" "Mozilla/5.0 (compatible; SERankingBacklinksBot/1.0; +https://seranking.com/backlinks-crawler)"
144.76.32.117 - - [26/Sep/2026:10:34:21 +0900] "GET /dp/a6c88d5876143?lph=/var/www/vhosts/w825.jpnsv.net/a-teaminc.jp/jp HTTP/1.0" 200 89842 "-" "Mozilla/5.0 (compatible; SERankingBacklinksBot/1.0; +https://seranking.com/backlinks-crawler)"
144.76.32.117 - - [26/Sep/2026:10:34:26 +0900] "GET /dp/168823258439?lph=/var/www/vhosts/w825.jpnsv.net/a-teaminc.jp/cgi HTTP/1.0" 200 104914 "-" "Mozilla/5.0 (compatible; SERankingBacklinksBot/1.0; +https://seranking.com/backlinks-crawler)"
144.76.32.117 - - [26/Sep/2026:10:34:30 +0900] "GET /dp/d436833896999?lph=/var/www/vhosts/w825.jpnsv.net/a-teaminc.jp/jp HTTP/1.0" 200 89842 "-" "Mozilla/5.0 (compatible; SERankingBacklinksBot/1.0; +https://seranking.com/backlinks-crawler)"
144.76.32.117 - - [26/Sep/2026:10:34:34 +0900] "GET /dp/967cbf290932?lph=/var/www/vhosts/w825.jpnsv.net/a-teaminc.jp/CSS HTTP/1.0" 200 101464 "-" "Mozilla/5.0 (compatible; SERankingBacklinksBot/1.0; +https://seranking.com/backlinks-crawler)"
144.76.32.117 - - [26/Sep/2026:10:34:43 +0900] "GET /dp/168823258439?lph=/var/www/vhosts/w825.jpnsv.net/a-teaminc.jp/img HTTP/1.0" 200 105698 "-" "Mozilla/5.0 (compatible; SERankingBacklinksBot/1.0; +https://seranking.com/backlinks-crawler)"
144.76.32.117 - - [26/Sep/2026:10:34:52 +0900] "GET /dp/967cbf290932?lph=/var/www/vhosts/w825.jpnsv.net/a-teaminc.jp/cgi HTTP/1.0" 200 104914 "-" "Mozilla/5.0 (compatible; SERankingBacklinksBot/1.0; +https://seranking.com/backlinks-crawler)"
144.76.32.117 - - [26/Sep/2026:10:35:01 +0900] "GET /dp/168823258439?lph=/var/www/vhosts/w825.jpnsv.net/a-teaminc.jp/pdf HTTP/1.0" 200 91159 "-" "Mozilla/5.0 (compatible; SERankingBacklinksBot/1.0; +https://seranking.com/backlinks-crawler)"
136.65.207.1 - - [26/Sep/2026:10:35:01 +0900] "GET /.git/config HTTP/1.0" 200 150348 "-" "Mozilla/5.0 (Macintosh; Intel Mac OS X 14_7_2) AppleWebKit/605.1.15 (KHTML, like Gecko) Version/18.1 Safari/605.1.15"
136.65.207.1 - - [26/Sep/2026:10:35:04 +0900] "GET /.env HTTP/1.0" 200 150348 "-" "Mozilla/5.0 (X11; Linux x86_64; rv:133.0) Gecko/20100101 Firefox/133.0"
144.76.32.117 - - [26/Sep/2026:10:35:06 +0900] "GET /dp/7c47a0486343?lph=/var/www/vhosts/w825.jpnsv.net/a-teaminc.jp/CSS HTTP/1.0" 200 101464 "-" "Mozilla/5.0 (compatible; SERankingBacklinksBot/1.0; +https://seranking.com/backlinks-crawler)"
136.65.207.1 - - [26/Sep/2026:10:35:07 +0900] "GET /.env.local HTTP/1.0" 200 150348 "-" "Mozilla/5.0 (X11; Linux x86_64; rv:133.0) Gecko/20100101 Firefox/133.0"
136.65.207.1 - - [26/Sep/2026:10:35:09 +0900] "GET /.env.production HTTP/1.0" 200 150348 "-" "Mozilla/5.0 (X11; Linux x86_64; rv:133.0) Gecko/20100101 Firefox/133.0"
144.76.32.117 - - [26/Sep/2026:10:35:10 +0900] "GET /dp/967cbf290932?lph=/var/www/vhosts/w825.jpnsv.net/a-teaminc.jp/img HTTP/1.0" 200 105698 "-" "Mozilla/5.0 (compatible; SERankingBacklinksBot/1.0; +https://seranking.com/backlinks-crawler)"
136.65.207.1 - - [26/Sep/2026:10:35:11 +0900] "GET /.env.staging HTTP/1.0" 200 150348 "-" "Mozilla/5.0 (Windows NT 10.0; Win64; x64) AppleWebKit/537.36 (KHTML, like Gecko) Chrome/131.0.0.0 Safari/537.36"
136.65.207.1 - - [26/Sep/2026:10:35:13 +0900] "GET /.env.backup HTTP/1.0" 200 150348 "-" "Mozilla/5.0 (X11; Linux x86_64; rv:133.0) Gecko/20100101 Firefox/133.0"
136.65.207.1 - - [26/Sep/2026:10:35:15 +0900] "GET /.env.bak HTTP/1.0" 200 150348 "-" "Mozilla/5.0 (Windows NT 10.0; Win64; x64) AppleWebKit/537.36 (KHTML, like Gecko) Chrome/130.0.0.0 Safari/537.36 Edg/130.0.0.0"
136.65.207.1 - - [26/Sep/2026:10:35:17 +0900] "GET /.env.old HTTP/1.0" 200 150348 "-" "Mozilla/5.0 (Macintosh; Intel Mac OS X 14_7_2) AppleWebKit/605.1.15 (KHTML, like Gecko) Version/18.1 Safari/605.1.15"
144.76.32.117 - - [26/Sep/2026:10:35:19 +0900] "GET /dp/168823258439?lph=/var/www/vhosts/w825.jpnsv.net/a-teaminc.jp/tmp HTTP/1.0" 200 91318 "-" "Mozilla/5.0 (compatible; SERankingBacklinksBot/1.0; +https://seranking.com/backlinks-crawler)"
136.65.207.1 - - [26/Sep/2026:10:35:19 +0900] "GET /.wp-config.php HTTP/1.0" 200 150348 "-" "Mozilla/5.0 (Windows NT 10.0; Win64; x64) AppleWebKit/537.36 (KHTML, like Gecko) Chrome/130.0.0.0 Safari/537.36 Edg/130.0.0.0"
136.65.207.1 - - [26/Sep/2026:10:35:22 +0900] "GET /.wp-config.php.bak HTTP/1.0" 200 150348 "-" "Mozilla/5.0 (iPhone; CPU iPhone OS 18_1 like Mac OS X) AppleWebKit/605.1.15 (KHTML, like Gecko) Version/18.1 Mobile/15E148 Safari/604.1"
144.76.32.117 - - [26/Sep/2026:10:35:23 +0900] "GET /dp/7c47a0486343?lph=/var/www/vhosts/w825.jpnsv.net/a-teaminc.jp/cgi HTTP/1.0" 200 104914 "-" "Mozilla/5.0 (compatible; SERankingBacklinksBot/1.0; +https://seranking.com/backlinks-crawler)"
136.65.207.1 - - [26/Sep/2026:10:35:24 +0900] "GET /.wp-config.php.old HTTP/1.0" 200 150348 "-" "Mozilla/5.0 (Macintosh; Intel Mac OS X 14_7_2) AppleWebKit/605.1.15 (KHTML, like Gecko) Version/18.1 Safari/605.1.15"
136.65.207.1 - - [26/Sep/2026:10:35:26 +0900] "GET /.wp-config.php.save HTTP/1.0" 200 150348 "-" "Mozilla/5.0 (X11; Linux x86_64; rv:133.0) Gecko/20100101 Firefox/133.0"
144.76.32.117 - - [26/Sep/2026:10:35:27 +0900] "GET /dp/967cbf290932?lph=/var/www/vhosts/w825.jpnsv.net/a-teaminc.jp/pdf HTTP/1.0" 200 91159 "-" "Mozilla/5.0 (compatible; SERankingBacklinksBot/1.0; +https://seranking.com/backlinks-crawler)"
136.65.207.1 - - [26/Sep/2026:10:35:28 +0900] "GET /.netrc HTTP/1.0" 200 150348 "-" "Mozilla/5.0 (Macintosh; Intel Mac OS X 14_7_2) AppleWebKit/605.1.15 (KHTML, like Gecko) Version/18.1 Safari/605.1.15"
136.65.207.1 - - [26/Sep/2026:10:35:30 +0900] "GET /.npmrc HTTP/1.0" 200 150348 "-" "Mozilla/5.0 (Windows NT 10.0; Win64; x64) AppleWebKit/537.36 (KHTML, like Gecko) Chrome/130.0.0.0 Safari/537.36 Edg/130.0.0.0"
136.65.207.1 - - [26/Sep/2026:10:35:32 +0900] "GET /.git-credentials HTTP/1.0" 200 150348 "-" "Mozilla/5.0 (iPhone; CPU iPhone OS 18_1 like Mac OS X) AppleWebKit/605.1.15 (KHTML, like Gecko) Version/18.1 Mobile/15E148 Safari/604.1"
136.65.207.1 - - [26/Sep/2026:10:35:34 +0900] "GET /.aws/credentials HTTP/1.0" 200 150348 "-" "Mozilla/5.0 (iPhone; CPU iPhone OS 18_1 like Mac OS X) AppleWebKit/605.1.15 (KHTML, like Gecko) Version/18.1 Mobile/15E148 Safari/604.1"
144.76.32.117 - - [26/Sep/2026:10:35:37 +0900] "GET /dp/169d806262903?lph=/var/www/vhosts/w825.jpnsv.net/a-teaminc.jp/jp HTTP/1.0" 200 89842 "-" "Mozilla/5.0 (compatible; SERankingBacklinksBot/1.0; +https://seranking.com/backlinks-crawler)"
136.65.207.1 - - [26/Sep/2026:10:35:38 +0900] "GET /.aws/config HTTP/1.0" 200 150348 "-" "Mozilla/5.0 (Windows NT 10.0; Win64; x64) AppleWebKit/537.36 (KHTML, like Gecko) Chrome/131.0.0.0 Safari/537.36"
136.65.207.1 - - [26/Sep/2026:10:35:40 +0900] "GET /.kube/config HTTP/1.0" 200 150348 "-" "Mozilla/5.0 (X11; Linux x86_64; rv:133.0) Gecko/20100101 Firefox/133.0"
144.76.32.117 - - [26/Sep/2026:10:35:41 +0900] "GET /dp/7c47a0486343?lph=/var/www/vhosts/w825.jpnsv.net/a-teaminc.jp/img HTTP/1.0" 200 105698 "-" "Mozilla/5.0 (compatible; SERankingBacklinksBot/1.0; +https://seranking.com/backlinks-crawler)"
136.65.207.1 - - [26/Sep/2026:10:35:42 +0900] "GET /.docker/config.json HTTP/1.0" 200 150348 "-" "Mozilla/5.0 (Windows NT 10.0; Win64; x64) AppleWebKit/537.36 (KHTML, like Gecko) Chrome/131.0.0.0 Safari/537.36"
136.65.207.1 - - [26/Sep/2026:10:35:44 +0900] "GET /.docker-compose.yml HTTP/1.0" 200 150348 "-" "Mozilla/5.0 (Windows NT 10.0; Win64; x64) AppleWebKit/537.36 (KHTML, like Gecko) Chrome/130.0.0.0 Safari/537.36 Edg/130.0.0.0"
144.76.32.117 - - [26/Sep/2026:10:35:46 +0900] "GET /dp/967cbf290932?lph=/var/www/vhosts/w825.jpnsv.net/a-teaminc.jp/tmp HTTP/1.0" 200 91318 "-" "Mozilla/5.0 (compatible; SERankingBacklinksBot/1.0; +https://seranking.com/backlinks-crawler)"
136.65.207.1 - - [26/Sep/2026:10:35:46 +0900] "GET /.bash_history HTTP/1.0" 200 150348 "-" "Mozilla/5.0 (X11; Linux x86_64; rv:133.0) Gecko/20100101 Firefox/133.0"
136.65.207.1 - - [26/Sep/2026:10:35:48 +0900] "GET /.zsh_history HTTP/1.0" 200 150348 "-" "Mozilla/5.0 (iPhone; CPU iPhone OS 18_1 like Mac OS X) AppleWebKit/605.1.15 (KHTML, like Gecko) Version/18.1 Mobile/15E148 Safari/604.1"
136.65.207.1 - - [26/Sep/2026:10:35:50 +0900] "GET /.my.cnf HTTP/1.0" 200 150348 "-" "Mozilla/5.0 (iPhone; CPU iPhone OS 18_1 like Mac OS X) AppleWebKit/605.1.15 (KHTML, like Gecko) Version/18.1 Mobile/15E148 Safari/604.1"
136.65.207.1 - - [26/Sep/2026:10:35:53 +0900] "GET /.pgpass HTTP/1.0" 200 150348 "-" "Mozilla/5.0 (X11; Linux x86_64; rv:133.0) Gecko/20100101 Firefox/133.0"
136.65.207.1 - - [26/Sep/2026:10:35:55 +0900] "GET /.pypirc HTTP/1.0" 200 150348 "-" "Mozilla/5.0 (Windows NT 10.0; Win64; x64) AppleWebKit/537.36 (KHTML, like Gecko) Chrome/131.0.0.0 Safari/537.36"
136.65.207.1 - - [26/Sep/2026:10:35:57 +0900] "GET /.vault-token HTTP/1.0" 200 150348 "-" "Mozilla/5.0 (iPhone; CPU iPhone OS 18_1 like Mac OS X) AppleWebKit/605.1.15 (KHTML, like Gecko) Version/18.1 Mobile/15E148 Safari/604.1"
136.65.207.1 - - [26/Sep/2026:10:35:59 +0900] "GET /.envrc HTTP/1.0" 200 150348 "-" "Mozilla/5.0 (X11; Linux x86_64; rv:133.0) Gecko/20100101 Firefox/133.0"
144.76.32.117 - - [26/Sep/2026:10:35:59 +0900] "GET /dp/7c47a0486343?lph=/var/www/vhosts/w825.jpnsv.net/a-teaminc.jp/pdf HTTP/1.0" 200 91159 "-" "Mozilla/5.0 (compatible; SERankingBacklinksBot/1.0; +https://seranking.com/backlinks-crawler)"
136.65.207.1 - - [26/Sep/2026:10:36:01 +0900] "GET /.htpasswd HTTP/1.0" 403 1034 "-" "Mozilla/5.0 (Macintosh; Intel Mac OS X 14_7_2) AppleWebKit/605.1.15 (KHTML, like Gecko) Version/18.1 Safari/605.1.15"
136.65.207.1 - - [26/Sep/2026:10:36:02 +0900] "GET /.s3cmd.ini HTTP/1.0" 200 150348 "-" "Mozilla/5.0 (Windows NT 10.0; Win64; x64) AppleWebKit/537.36 (KHTML, like Gecko) Chrome/131.0.0.0 Safari/537.36"
136.65.207.1 - - [26/Sep/2026:10:36:04 +0900] "GET /.msmtprc HTTP/1.0" 200 150348 "-" "Mozilla/5.0 (X11; Linux x86_64; rv:133.0) Gecko/20100101 Firefox/133.0"
136.65.207.1 - - [26/Sep/2026:10:36:06 +0900] "GET /.svn/entries HTTP/1.0" 200 150348 "-" "Mozilla/5.0 (Windows NT 10.0; Win64; x64) AppleWebKit/537.36 (KHTML, like Gecko) Chrome/131.0.0.0 Safari/537.36"
136.65.207.1 - - [26/Sep/2026:10:36:08 +0900] "GET /.git/credentials HTTP/1.0" 200 150348 "-" "Mozilla/5.0 (Macintosh; Intel Mac OS X 14_7_2) AppleWebKit/605.1.15 (KHTML, like Gecko) Version/18.1 Safari/605.1.15"
144.76.32.117 - - [26/Sep/2026:10:36:08 +0900] "GET /dp/a6da695578516?lph=/var/www/vhosts/w825.jpnsv.net/a-teaminc.jp/jp HTTP/1.0" 200 89842 "-" "Mozilla/5.0 (compatible; SERankingBacklinksBot/1.0; +https://seranking.com/backlinks-crawler)"
136.65.207.1 - - [26/Sep/2026:10:36:10 +0900] "GET /.gitlab-ci.yml HTTP/1.0" 200 150348 "-" "Mozilla/5.0 (Macintosh; Intel Mac OS X 14_7_2) AppleWebKit/605.1.15 (KHTML, like Gecko) Version/18.1 Safari/605.1.15"
144.76.32.117 - - [26/Sep/2026:10:36:12 +0900] "GET /dp/16bb092485775?lph=/var/www/vhosts/w825.jpnsv.net/a-teaminc.jp/jp HTTP/1.0" 200 89842 "-" "Mozilla/5.0 (compatible; SERankingBacklinksBot/1.0; +https://seranking.com/backlinks-crawler)"
136.65.207.1 - - [26/Sep/2026:10:36:12 +0900] "GET /.github/workflows/deploy.yml HTTP/1.0" 200 150348 "-" "Mozilla/5.0 (Macintosh; Intel Mac OS X 14_7_2) AppleWebKit/605.1.15 (KHTML, like Gecko) Version/18.1 Safari/605.1.15"
136.65.207.1 - - [26/Sep/2026:10:36:15 +0900] "GET /.github/workflows/main.yml HTTP/1.0" 200 150348 "-" "Mozilla/5.0 (X11; Linux x86_64; rv:133.0) Gecko/20100101 Firefox/133.0"
144.76.32.117 - - [26/Sep/2026:10:36:16 +0900] "GET /dp/7c47a0486343?lph=/var/www/vhosts/w825.jpnsv.net/a-teaminc.jp/tmp HTTP/1.0" 200 91318 "-" "Mozilla/5.0 (compatible; SERankingBacklinksBot/1.0; +https://seranking.com/backlinks-crawler)"
136.65.207.1 - - [26/Sep/2026:10:36:18 +0900] "GET /.travis.yml HTTP/1.0" 200 150348 "-" "Mozilla/5.0 (Macintosh; Intel Mac OS X 14_7_2) AppleWebKit/605.1.15 (KHTML, like Gecko) Version/18.1 Safari/605.1.15"
136.65.207.1 - - [26/Sep/2026:10:36:20 +0900] "GET /Jenkinsfile HTTP/1.0" 200 150348 "-" "Mozilla/5.0 (iPhone; CPU iPhone OS 18_1 like Mac OS X) AppleWebKit/605.1.15 (KHTML, like Gecko) Version/18.1 Mobile/15E148 Safari/604.1"
136.65.207.1 - - [26/Sep/2026:10:36:22 +0900] "GET /.Dockerrun.aws.json HTTP/1.0" 200 150348 "-" "Mozilla/5.0 (Windows NT 10.0; Win64; x64) AppleWebKit/537.36 (KHTML, like Gecko) Chrome/131.0.0.0 Safari/537.36"
136.65.207.1 - - [26/Sep/2026:10:36:24 +0900] "GET /config.json HTTP/1.0" 200 150348 "-" "Mozilla/5.0 (Macintosh; Intel Mac OS X 14_7_2) AppleWebKit/605.1.15 (KHTML, like Gecko) Version/18.1 Safari/605.1.15"
136.65.207.1 - - [26/Sep/2026:10:36:26 +0900] "GET /config.js HTTP/1.0" 200 150348 "-" "Mozilla/5.0 (Windows NT 10.0; Win64; x64) AppleWebKit/537.36 (KHTML, like Gecko) Chrome/131.0.0.0 Safari/537.36"
136.65.207.1 - - [26/Sep/2026:10:36:29 +0900] "GET /auth.json HTTP/1.0" 200 150348 "-" "Mozilla/5.0 (iPhone; CPU iPhone OS 18_1 like Mac OS X) AppleWebKit/605.1.15 (KHTML, like Gecko) Version/18.1 Mobile/15E148 Safari/604.1"
136.65.207.1 - - [26/Sep/2026:10:36:31 +0900] "GET /credentials.json HTTP/1.0" 200 150348 "-" "Mozilla/5.0 (Macintosh; Intel Mac OS X 14_7_2) AppleWebKit/605.1.15 (KHTML, like Gecko) Version/18.1 Safari/605.1.15"
136.65.207.1 - - [26/Sep/2026:10:36:33 +0900] "GET /service-account.json HTTP/1.0" 200 150348 "-" "Mozilla/5.0 (Windows NT 10.0; Win64; x64) AppleWebKit/537.36 (KHTML, like Gecko) Chrome/130.0.0.0 Safari/537.36 Edg/130.0.0.0"
136.65.207.1 - - [26/Sep/2026:10:36:35 +0900] "GET /terraform.tfstate HTTP/1.0" 200 150348 "-" "Mozilla/5.0 (Macintosh; Intel Mac OS X 14_7_2) AppleWebKit/605.1.15 (KHTML, like Gecko) Version/18.1 Safari/605.1.15"
144.76.32.117 - - [26/Sep/2026:10:36:35 +0900] "GET /dp/7c83904734330?lph=/var/www/vhosts/w825.jpnsv.net/a-teaminc.jp/jp HTTP/1.0" 200 89842 "-" "Mozilla/5.0 (compatible; SERankingBacklinksBot/1.0; +https://seranking.com/backlinks-crawler)"
136.65.207.1 - - [26/Sep/2026:10:36:37 +0900] "GET /terraform.tfvars HTTP/1.0" 200 150348 "-" "Mozilla/5.0 (X11; Linux x86_64; rv:133.0) Gecko/20100101 Firefox/133.0"
136.65.207.1 - - [26/Sep/2026:10:36:39 +0900] "GET /docker-compose.yml HTTP/1.0" 200 150348 "-" "Mozilla/5.0 (iPhone; CPU iPhone OS 18_1 like Mac OS X) AppleWebKit/605.1.15 (KHTML, like Gecko) Version/18.1 Mobile/15E148 Safari/604.1"
136.65.207.1 - - [26/Sep/2026:10:36:41 +0900] "GET /docker-compose.prod.yml HTTP/1.0" 200 150348 "-" "Mozilla/5.0 (Windows NT 10.0; Win64; x64) AppleWebKit/537.36 (KHTML, like Gecko) Chrome/131.0.0.0 Safari/537.36"
136.65.207.1 - - [26/Sep/2026:10:36:43 +0900] "GET /serverless.yml HTTP/1.0" 200 150348 "-" "Mozilla/5.0 (iPhone; CPU iPhone OS 18_1 like Mac OS X) AppleWebKit/605.1.15 (KHTML, like Gecko) Version/18.1 Mobile/15E148 Safari/604.1"
144.76.32.117 - - [26/Sep/2026:10:36:44 +0900] "GET /dp/a721253968137?lph=/var/www/vhosts/w825.jpnsv.net/a-teaminc.jp/jp HTTP/1.0" 200 89842 "-" "Mozilla/5.0 (compatible; SERankingBacklinksBot/1.0; +https://seranking.com/backlinks-crawler)"
136.65.207.1 - - [26/Sep/2026:10:36:46 +0900] "GET /serverless.yaml HTTP/1.0" 200 150348 "-" "Mozilla/5.0 (X11; Linux x86_64; rv:133.0) Gecko/20100101 Firefox/133.0"
136.65.207.1 - - [26/Sep/2026:10:36:49 +0900] "GET /settings.py HTTP/1.0" 200 150348 "-" "Mozilla/5.0 (Macintosh; Intel Mac OS X 14_7_2) AppleWebKit/605.1.15 (KHTML, like Gecko) Version/18.1 Safari/605.1.15"
136.65.207.1 - - [26/Sep/2026:10:36:51 +0900] "GET /local_settings.py HTTP/1.0" 200 150348 "-" "Mozilla/5.0 (Macintosh; Intel Mac OS X 14_7_2) AppleWebKit/605.1.15 (KHTML, like Gecko) Version/18.1 Safari/605.1.15"
136.65.207.1 - - [26/Sep/2026:10:36:53 +0900] "GET /application.properties HTTP/1.0" 200 150348 "-" "Mozilla/5.0 (Windows NT 10.0; Win64; x64) AppleWebKit/537.36 (KHTML, like Gecko) Chrome/130.0.0.0 Safari/537.36 Edg/130.0.0.0"
144.76.32.117 - - [26/Sep/2026:10:36:53 +0900] "GET /dp/7c9a672603781?lph=/var/www/vhosts/w825.jpnsv.net/a-teaminc.jp/jp HTTP/1.0" 200 89842 "-" "Mozilla/5.0 (compatible; SERankingBacklinksBot/1.0; +https://seranking.com/backlinks-crawler)"
136.65.207.1 - - [26/Sep/2026:10:36:55 +0900] "GET /application.yml HTTP/1.0" 200 150348 "-" "Mozilla/5.0 (Windows NT 10.0; Win64; x64) AppleWebKit/537.36 (KHTML, like Gecko) Chrome/131.0.0.0 Safari/537.36"
136.65.207.1 - - [26/Sep/2026:10:36:57 +0900] "GET /application-prod.yml HTTP/1.0" 200 150348 "-" "Mozilla/5.0 (iPhone; CPU iPhone OS 18_1 like Mac OS X) AppleWebKit/605.1.15 (KHTML, like Gecko) Version/18.1 Mobile/15E148 Safari/604.1"
136.65.207.1 - - [26/Sep/2026:10:37:00 +0900] "GET /config/database.yml HTTP/1.0" 200 150348 "-" "Mozilla/5.0 (X11; Linux x86_64; rv:133.0) Gecko/20100101 Firefox/133.0"
136.65.207.1 - - [26/Sep/2026:10:37:02 +0900] "GET /config/master.key HTTP/1.0" 200 150348 "-" "Mozilla/5.0 (Windows NT 10.0; Win64; x64) AppleWebKit/537.36 (KHTML, like Gecko) Chrome/131.0.0.0 Safari/537.36"
144.76.32.117 - - [26/Sep/2026:10:37:03 +0900] "GET /dp/a74d3c1432850?lph=/var/www/vhosts/w825.jpnsv.net/a-teaminc.jp/jp HTTP/1.0" 200 89842 "-" "Mozilla/5.0 (compatible; SERankingBacklinksBot/1.0; +https://seranking.com/backlinks-crawler)"
136.65.207.1 - - [26/Sep/2026:10:37:04 +0900] "GET /appsettings.json HTTP/1.0" 200 150348 "-" "Mozilla/5.0 (Windows NT 10.0; Win64; x64) AppleWebKit/537.36 (KHTML, like Gecko) Chrome/131.0.0.0 Safari/537.36"
136.65.207.1 - - [26/Sep/2026:10:37:06 +0900] "GET /appsettings.Production.json HTTP/1.0" 200 150348 "-" "Mozilla/5.0 (X11; Linux x86_64; rv:133.0) Gecko/20100101 Firefox/133.0"
136.65.207.1 - - [26/Sep/2026:10:37:08 +0900] "GET /web.config HTTP/1.0" 200 150348 "-" "Mozilla/5.0 (Windows NT 10.0; Win64; x64) AppleWebKit/537.36 (KHTML, like Gecko) Chrome/130.0.0.0 Safari/537.36 Edg/130.0.0.0"
136.65.207.1 - - [26/Sep/2026:10:37:10 +0900] "GET /web.config.bak HTTP/1.0" 200 150348 "-" "Mozilla/5.0 (Windows NT 10.0; Win64; x64) AppleWebKit/537.36 (KHTML, like Gecko) Chrome/131.0.0.0 Safari/537.36"
136.65.207.1 - - [26/Sep/2026:10:37:12 +0900] "GET /composer.json HTTP/1.0" 200 150348 "-" "Mozilla/5.0 (iPhone; CPU iPhone OS 18_1 like Mac OS X) AppleWebKit/605.1.15 (KHTML, like Gecko) Version/18.1 Mobile/15E148 Safari/604.1"
136.65.207.1 - - [26/Sep/2026:10:37:14 +0900] "GET /composer.lock HTTP/1.0" 200 150348 "-" "Mozilla/5.0 (X11; Linux x86_64; rv:133.0) Gecko/20100101 Firefox/133.0"
136.65.207.1 - - [26/Sep/2026:10:37:17 +0900] "GET /package.json HTTP/1.0" 200 150348 "-" "Mozilla/5.0 (Windows NT 10.0; Win64; x64) AppleWebKit/537.36 (KHTML, like Gecko) Chrome/131.0.0.0 Safari/537.36"
144.76.32.117 - - [26/Sep/2026:10:37:19 +0900] "GET /dp/a7557c4901225?lph=/var/www/vhosts/w825.jpnsv.net/a-teaminc.jp/jp HTTP/1.0" 200 89842 "-" "Mozilla/5.0 (compatible; SERankingBacklinksBot/1.0; +https://seranking.com/backlinks-crawler)"
136.65.207.1 - - [26/Sep/2026:10:37:19 +0900] "GET /babel.config.js HTTP/1.0" 200 150348 "-" "Mozilla/5.0 (Windows NT 10.0; Win64; x64) AppleWebKit/537.36 (KHTML, like Gecko) Chrome/131.0.0.0 Safari/537.36"
136.65.207.1 - - [26/Sep/2026:10:37:22 +0900] "GET /webpack.config.js HTTP/1.0" 200 150348 "-" "Mozilla/5.0 (Windows NT 10.0; Win64; x64) AppleWebKit/537.36 (KHTML, like Gecko) Chrome/131.0.0.0 Safari/537.36"
136.65.207.1 - - [26/Sep/2026:10:37:24 +0900] "GET /.eslintrc.js HTTP/1.0" 200 150348 "-" "Mozilla/5.0 (Windows NT 10.0; Win64; x64) AppleWebKit/537.36 (KHTML, like Gecko) Chrome/130.0.0.0 Safari/537.36 Edg/130.0.0.0"
136.65.207.1 - - [26/Sep/2026:10:37:26 +0900] "GET /.eslintrc.json HTTP/1.0" 200 150348 "-" "Mozilla/5.0 (Windows NT 10.0; Win64; x64) AppleWebKit/537.36 (KHTML, like Gecko) Chrome/131.0.0.0 Safari/537.36"
136.65.207.1 - - [26/Sep/2026:10:37:28 +0900] "GET /.jest.config.js HTTP/1.0" 200 150348 "-" "Mozilla/5.0 (iPhone; CPU iPhone OS 18_1 like Mac OS X) AppleWebKit/605.1.15 (KHTML, like Gecko) Version/18.1 Mobile/15E148 Safari/604.1"
136.65.207.1 - - [26/Sep/2026:10:37:30 +0900] "GET /actuator/env HTTP/1.0" 200 150348 "-" "Mozilla/5.0 (Windows NT 10.0; Win64; x64) AppleWebKit/537.36 (KHTML, like Gecko) Chrome/131.0.0.0 Safari/537.36"
136.65.207.1 - - [26/Sep/2026:10:37:32 +0900] "GET /actuator/configprops HTTP/1.0" 200 150348 "-" "Mozilla/5.0 (X11; Linux x86_64; rv:133.0) Gecko/20100101 Firefox/133.0"
136.65.207.1 - - [26/Sep/2026:10:37:35 +0900] "GET /metrics HTTP/1.0" 200 150348 "-" "Mozilla/5.0 (Macintosh; Intel Mac OS X 14_7_2) AppleWebKit/605.1.15 (KHTML, like Gecko) Version/18.1 Safari/605.1.15"
136.65.207.1 - - [26/Sep/2026:10:37:37 +0900] "GET /debug/vars HTTP/1.0" 200 150348 "-" "Mozilla/5.0 (Windows NT 10.0; Win64; x64) AppleWebKit/537.36 (KHTML, like Gecko) Chrome/131.0.0.0 Safari/537.36"
144.76.32.117 - - [26/Sep/2026:10:37:38 +0900] "GET /dp/a7b5486346356?lph=/var/www/vhosts/w825.jpnsv.net/a-teaminc.jp/jp HTTP/1.0" 200 89842 "-" "Mozilla/5.0 (compatible; SERankingBacklinksBot/1.0; +https://seranking.com/backlinks-crawler)"
136.65.207.1 - - [26/Sep/2026:10:37:39 +0900] "GET /.env.js HTTP/1.0" 200 150348 "-" "Mozilla/5.0 (Windows NT 10.0; Win64; x64) AppleWebKit/537.36 (KHTML, like Gecko) Chrome/130.0.0.0 Safari/537.36 Edg/130.0.0.0"
136.65.207.1 - - [26/Sep/2026:10:37:41 +0900] "GET /config/environment.js HTTP/1.0" 200 150348 "-" "Mozilla/5.0 (Windows NT 10.0; Win64; x64) AppleWebKit/537.36 (KHTML, like Gecko) Chrome/131.0.0.0 Safari/537.36"
136.65.207.1 - - [26/Sep/2026:10:37:43 +0900] "GET /config/config.json HTTP/1.0" 200 150348 "-" "Mozilla/5.0 (iPhone; CPU iPhone OS 18_1 like Mac OS X) AppleWebKit/605.1.15 (KHTML, like Gecko) Version/18.1 Mobile/15E148 Safari/604.1"
136.65.207.1 - - [26/Sep/2026:10:37:45 +0900] "GET /storage/logs/laravel.log HTTP/1.0" 200 150348 "-" "Mozilla/5.0 (Macintosh; Intel Mac OS X 14_7_2) AppleWebKit/605.1.15 (KHTML, like Gecko) Version/18.1 Safari/605.1.15"
136.65.207.1 - - [26/Sep/2026:10:37:47 +0900] "GET /.git/config.old HTTP/1.0" 200 150348 "-" "Mozilla/5.0 (Windows NT 10.0; Win64; x64) AppleWebKit/537.36 (KHTML, like Gecko) Chrome/130.0.0.0 Safari/537.36 Edg/130.0.0.0"
136.65.207.1 - - [26/Sep/2026:10:37:49 +0900] "GET /.git/config~ HTTP/1.0" 200 150348 "-" "Mozilla/5.0 (X11; Linux x86_64; rv:133.0) Gecko/20100101 Firefox/133.0"
136.65.207.1 - - [26/Sep/2026:10:37:52 +0900] "GET /.git/config.save HTTP/1.0" 200 150348 "-" "Mozilla/5.0 (Macintosh; Intel Mac OS X 14_7_2) AppleWebKit/605.1.15 (KHTML, like Gecko) Version/18.1 Safari/605.1.15"
136.65.207.1 - - [26/Sep/2026:10:37:54 +0900] "GET /.git/config.bak HTTP/1.0" 200 150348 "-" "Mozilla/5.0 (Macintosh; Intel Mac OS X 14_7_2) AppleWebKit/605.1.15 (KHTML, like Gecko) Version/18.1 Safari/605.1.15"
136.65.207.1 - - [26/Sep/2026:10:37:57 +0900] "GET /.env_dev HTTP/1.0" 500 73745 "-" "Mozilla/5.0 (X11; Linux x86_64; rv:133.0) Gecko/20100101 Firefox/133.0"
136.65.207.1 - - [26/Sep/2026:10:38:00 +0900] "GET /.env_dev HTTP/1.0" 200 150348 "-" "Mozilla/5.0 (X11; Linux x86_64; rv:133.0) Gecko/20100101 Firefox/133.0"
144.76.32.117 - - [26/Sep/2026:10:37:56 +0900] "GET /dp/a805f0312217?lph=/var/www/vhosts/w825.jpnsv.net/a-teaminc.jp/CSS HTTP/1.0" 200 101464 "-" "Mozilla/5.0 (compatible; SERankingBacklinksBot/1.0; +https://seranking.com/backlinks-crawler)"
136.65.207.1 - - [26/Sep/2026:10:38:02 +0900] "GET /.env_local HTTP/1.0" 200 150348 "-" "Mozilla/5.0 (Macintosh; Intel Mac OS X 14_7_2) AppleWebKit/605.1.15 (KHTML, like Gecko) Version/18.1 Safari/605.1.15"
136.65.207.1 - - [26/Sep/2026:10:38:04 +0900] "GET /.env_example HTTP/1.0" 200 150348 "-" "Mozilla/5.0 (Windows NT 10.0; Win64; x64) AppleWebKit/537.36 (KHTML, like Gecko) Chrome/131.0.0.0 Safari/537.36"
136.65.207.1 - - [26/Sep/2026:10:38:06 +0900] "GET /.env_sample HTTP/1.0" 200 150348 "-" "Mozilla/5.0 (Windows NT 10.0; Win64; x64) AppleWebKit/537.36 (KHTML, like Gecko) Chrome/131.0.0.0 Safari/537.36"
136.65.207.1 - - [26/Sep/2026:10:38:09 +0900] "GET /.env_default HTTP/1.0" 200 150348 "-" "Mozilla/5.0 (Macintosh; Intel Mac OS X 14_7_2) AppleWebKit/605.1.15 (KHTML, like Gecko) Version/18.1 Safari/605.1.15"
144.76.32.117 - - [26/Sep/2026:10:38:10 +0900] "GET /dp/7d32515194233?lph=/var/www/vhosts/w825.jpnsv.net/a-teaminc.jp/jp HTTP/1.0" 200 89842 "-" "Mozilla/5.0 (compatible; SERankingBacklinksBot/1.0; +https://seranking.com/backlinks-crawler)"
144.76.32.117 - - [26/Sep/2026:10:38:14 +0900] "GET /dp/968e8435264?chmod=/var/www/vhosts/w825.jpnsv.net/a-teaminc.jp/jp HTTP/1.0" 200 13732 "-" "Mozilla/5.0 (compatible; SERankingBacklinksBot/1.0; +https://seranking.com/backlinks-crawler)"
144.76.32.117 - - [26/Sep/2026:10:38:18 +0900] "GET /dp/a805f0312217?lph=/var/www/vhosts/w825.jpnsv.net/a-teaminc.jp/cgi HTTP/1.0" 200 104914 "-" "Mozilla/5.0 (compatible; SERankingBacklinksBot/1.0; +https://seranking.com/backlinks-crawler)"
172.86.86.223 - - [26/Sep/2026:10:38:18 +0900] "GET /.env HTTP/1.0" 200 150348 "-" "Mozilla/5.0 (Macintosh; Intel Mac OS X 10.15; rv:77.0) Gecko/20100101 Firefox/77.0"
144.76.32.117 - - [26/Sep/2026:10:38:27 +0900] "GET /dp/7d75546220688?lph=/var/www/vhosts/w825.jpnsv.net/a-teaminc.jp/jp HTTP/1.0" 200 89842 "-" "Mozilla/5.0 (compatible; SERankingBacklinksBot/1.0; +https://seranking.com/backlinks-crawler)"
144.76.32.117 - - [26/Sep/2026:10:38:31 +0900] "GET /dp/96b9dd2279779?lph=/var/www/vhosts/w825.jpnsv.net/a-teaminc.jp/jp HTTP/1.0" 200 89842 "-" "Mozilla/5.0 (compatible; SERankingBacklinksBot/1.0; +https://seranking.com/backlinks-crawler)"
144.76.32.117 - - [26/Sep/2026:10:38:36 +0900] "GET /dp/a805f0312217?lph=/var/www/vhosts/w825.jpnsv.net/a-teaminc.jp/img HTTP/1.0" 200 105698 "-" "Mozilla/5.0 (compatible; SERankingBacklinksBot/1.0; +https://seranking.com/backlinks-crawler)"
144.76.32.117 - - [26/Sep/2026:10:38:45 +0900] "GET /dp/7d78a95605911?lph=/var/www/vhosts/w825.jpnsv.net/a-teaminc.jp/jp HTTP/1.0" 200 89842 "-" "Mozilla/5.0 (compatible; SERankingBacklinksBot/1.0; +https://seranking.com/backlinks-crawler)"
144.76.32.117 - - [26/Sep/2026:10:38:55 +0900] "GET /dp/a805f0312217?lph=/var/www/vhosts/w825.jpnsv.net/a-teaminc.jp/pdf HTTP/1.0" 200 91159 "-" "Mozilla/5.0 (compatible; SERankingBacklinksBot/1.0; +https://seranking.com/backlinks-crawler)"
144.76.32.117 - - [26/Sep/2026:10:38:59 +0900] "GET /dp/1707324880644?lph=/var/www/vhosts/w825.jpnsv.net/a-teaminc.jp/jp HTTP/1.0" 200 89842 "-" "Mozilla/5.0 (compatible; SERankingBacklinksBot/1.0; +https://seranking.com/backlinks-crawler)"
144.76.32.117 - - [26/Sep/2026:10:39:12 +0900] "GET /dp/a805f0312217?lph=/var/www/vhosts/w825.jpnsv.net/a-teaminc.jp/tmp HTTP/1.0" 200 91318 "-" "Mozilla/5.0 (compatible; SERankingBacklinksBot/1.0; +https://seranking.com/backlinks-crawler)"
144.76.32.117 - - [26/Sep/2026:10:39:31 +0900] "GET /dp/a818e55785250?lph=/var/www/vhosts/w825.jpnsv.net/a-teaminc.jp/jp HTTP/1.0" 200 89842 "-" "Mozilla/5.0 (compatible; SERankingBacklinksBot/1.0; +https://seranking.com/backlinks-crawler)"
144.76.32.117 - - [26/Sep/2026:10:39:36 +0900] "GET /dp/1722b21109989?lph=/var/www/vhosts/w825.jpnsv.net/a-teaminc.jp/jp HTTP/1.0" 200 89842 "-" "Mozilla/5.0 (compatible; SERankingBacklinksBot/1.0; +https://seranking.com/backlinks-crawler)"
144.76.32.117 - - [26/Sep/2026:10:39:54 +0900] "GET /dp/1724653487978?lph=/var/www/vhosts/w825.jpnsv.net/a-teaminc.jp/jp HTTP/1.0" 200 89842 "-" "Mozilla/5.0 (compatible; SERankingBacklinksBot/1.0; +https://seranking.com/backlinks-crawler)"
144.76.32.117 - - [26/Sep/2026:10:40:11 +0900] "GET /dp/174cce1229733?lph=/var/www/vhosts/w825.jpnsv.net/a-teaminc.jp/jp HTTP/1.0" 200 89842 "-" "Mozilla/5.0 (compatible; SERankingBacklinksBot/1.0; +https://seranking.com/backlinks-crawler)"
144.76.32.117 - - [26/Sep/2026:10:40:21 +0900] "GET /dp/970640234993?lph=/var/www/vhosts/w825.jpnsv.net/a-teaminc.jp/CSS HTTP/1.0" 200 101464 "-" "Mozilla/5.0 (compatible; SERankingBacklinksBot/1.0; +https://seranking.com/backlinks-crawler)"
144.76.32.117 - - [26/Sep/2026:10:40:30 +0900] "GET /dp/175fa21341823?lph=/var/www/vhosts/w825.jpnsv.net/a-teaminc.jp/jp HTTP/1.0" 200 89842 "-" "Mozilla/5.0 (compatible; SERankingBacklinksBot/1.0; +https://seranking.com/backlinks-crawler)"
144.76.32.117 - - [26/Sep/2026:10:40:39 +0900] "GET /dp/970640234993?lph=/var/www/vhosts/w825.jpnsv.net/a-teaminc.jp/cgi HTTP/1.0" 200 104914 "-" "Mozilla/5.0 (compatible; SERankingBacklinksBot/1.0; +https://seranking.com/backlinks-crawler)"
144.76.32.117 - - [26/Sep/2026:10:40:48 +0900] "GET /dp/176d7c5725300?lph=/var/www/vhosts/w825.jpnsv.net/a-teaminc.jp/jp HTTP/1.0" 200 89842 "-" "Mozilla/5.0 (compatible; SERankingBacklinksBot/1.0; +https://seranking.com/backlinks-crawler)"
144.76.32.117 - - [26/Sep/2026:10:40:58 +0900] "GET /dp/970640234993?lph=/var/www/vhosts/w825.jpnsv.net/a-teaminc.jp/img HTTP/1.0" 200 105698 "-" "Mozilla/5.0 (compatible; SERankingBacklinksBot/1.0; +https://seranking.com/backlinks-crawler)"
144.76.32.117 - - [26/Sep/2026:10:41:08 +0900] "GET /dp/1791c52002402?lph=/var/www/vhosts/w825.jpnsv.net/a-teaminc.jp/jp HTTP/1.0" 200 89842 "-" "Mozilla/5.0 (compatible; SERankingBacklinksBot/1.0; +https://seranking.com/backlinks-crawler)"
144.76.32.117 - - [26/Sep/2026:10:41:17 +0900] "GET /dp/970640234993?lph=/var/www/vhosts/w825.jpnsv.net/a-teaminc.jp/pdf HTTP/1.0" 200 91159 "-" "Mozilla/5.0 (compatible; SERankingBacklinksBot/1.0; +https://seranking.com/backlinks-crawler)"
144.76.32.117 - - [26/Sep/2026:10:41:35 +0900] "GET /dp/970640234993?lph=/var/www/vhosts/w825.jpnsv.net/a-teaminc.jp/tmp HTTP/1.0" 200 91318 "-" "Mozilla/5.0 (compatible; SERankingBacklinksBot/1.0; +https://seranking.com/backlinks-crawler)"
144.76.32.117 - - [26/Sep/2026:10:41:54 +0900] "GET /dp/9707762750459?lph=/var/www/vhosts/w825.jpnsv.net/a-teaminc.jp/jp HTTP/1.0" 200 89842 "-" "Mozilla/5.0 (compatible; SERankingBacklinksBot/1.0; +https://seranking.com/backlinks-crawler)"
144.76.32.117 - - [26/Sep/2026:10:42:30 +0900] "GET /dp/9724115670968?lph=/var/www/vhosts/w825.jpnsv.net/a-teaminc.jp/jp HTTP/1.0" 200 89842 "-" "Mozilla/5.0 (compatible; SERankingBacklinksBot/1.0; +https://seranking.com/backlinks-crawler)"
144.76.32.117 - - [26/Sep/2026:10:42:47 +0900] "GET /dp/9728c3222363?lph=/var/www/vhosts/w825.jpnsv.net/a-teaminc.jp/CSS HTTP/1.0" 200 101464 "-" "Mozilla/5.0 (compatible; SERankingBacklinksBot/1.0; +https://seranking.com/backlinks-crawler)"
144.76.32.117 - - [26/Sep/2026:10:43:02 +0900] "GET /dp/7e431838071?chmod=/var/www/vhosts/w825.jpnsv.net/a-teaminc.jp/jp HTTP/1.0" 200 13732 "-" "Mozilla/5.0 (compatible; SERankingBacklinksBot/1.0; +https://seranking.com/backlinks-crawler)"
144.76.32.117 - - [26/Sep/2026:10:43:06 +0900] "GET /dp/9728c3222363?lph=/var/www/vhosts/w825.jpnsv.net/a-teaminc.jp/cgi HTTP/1.0" 200 104914 "-" "Mozilla/5.0 (compatible; SERankingBacklinksBot/1.0; +https://seranking.com/backlinks-crawler)"
144.76.32.117 - - [26/Sep/2026:10:43:10 +0900] "GET /dp/a88524756066?lph=/var/www/vhosts/w825.jpnsv.net/a-teaminc.jp/CSS HTTP/1.0" 200 101464 "-" "Mozilla/5.0 (compatible; SERankingBacklinksBot/1.0; +https://seranking.com/backlinks-crawler)"
144.76.32.117 - - [26/Sep/2026:10:43:14 +0900] "GET /dp/17bcd470189?chmod=/var/www/vhosts/w825.jpnsv.net/a-teaminc.jp/jp HTTP/1.0" 200 13732 "-" "Mozilla/5.0 (compatible; SERankingBacklinksBot/1.0; +https://seranking.com/backlinks-crawler)"
144.76.32.117 - - [26/Sep/2026:10:43:18 +0900] "GET /dp/7e7f4d130229?lph=/var/www/vhosts/w825.jpnsv.net/a-teaminc.jp/CSS HTTP/1.0" 200 101464 "-" "Mozilla/5.0 (compatible; SERankingBacklinksBot/1.0; +https://seranking.com/backlinks-crawler)"
144.76.32.117 - - [26/Sep/2026:10:43:22 +0900] "GET /dp/9728c3222363?lph=/var/www/vhosts/w825.jpnsv.net/a-teaminc.jp/img HTTP/1.0" 200 105698 "-" "Mozilla/5.0 (compatible; SERankingBacklinksBot/1.0; +https://seranking.com/backlinks-crawler)"
